{"id":182,"date":"2022-09-10T15:00:15","date_gmt":"2022-09-10T15:00:15","guid":{"rendered":"http:\/\/dco.pl\/lubin\/?page_id=182"},"modified":"2022-09-27T13:09:21","modified_gmt":"2022-09-27T13:09:21","slug":"operacje-stawow-kolanowych","status":"publish","type":"page","link":"http:\/\/dco.pl\/lubin\/zabiegi-opracyjne\/operacje-stawow-kolanowych\/","title":{"rendered":"Korekcja p\u0142askostopia"},"content":{"rendered":"<p><img loading=\"lazy\" class=\"size-medium wp-image-412 alignleft\" src=\"http:\/\/dco.pl\/lubin\/wp-content\/uploads\/sites\/2\/2022\/09\/plaskostopie_00-300x169.jpg\" alt=\"\" width=\"300\" height=\"169\" srcset=\"http:\/\/dco.pl\/lubin\/wp-content\/uploads\/sites\/2\/2022\/09\/plaskostopie_00-300x169.jpg 300w, http:\/\/dco.pl\/lubin\/wp-content\/uploads\/sites\/2\/2022\/09\/plaskostopie_00-1024x576.jpg 1024w, http:\/\/dco.pl\/lubin\/wp-content\/uploads\/sites\/2\/2022\/09\/plaskostopie_00-768x432.jpg 768w, http:\/\/dco.pl\/lubin\/wp-content\/uploads\/sites\/2\/2022\/09\/plaskostopie_00-1536x864.jpg 1536w, http:\/\/dco.pl\/lubin\/wp-content\/uploads\/sites\/2\/2022\/09\/plaskostopie_00-2048x1152.jpg 2048w\" sizes=\"(max-width: 300px) 100vw, 300px\" \/>Stopa ludzka zbudowana jest z dw\u00f3ch \u0142uk\u00f3w \u2013 pod\u0142u\u017cnego, le\u017c\u0105cy w \u015br\u00f3dstopiu i kr\u00f3tkiego w przodostopiu. \u0141uki te dzia\u0142aj\u0105 na zasadzie most\u00f3w kostnych do podtrzymania stopy i jako amortyzatory wstrz\u0105s\u00f3w. P\u0142askostopie natomiast cechuje zanik tych \u0142uk\u00f3w, przez co stopa staje si\u0119 p\u0142aska i ca\u0142\u0105 swoj\u0105 powierzchni\u0105 dotyka pod\u0142o\u017ca.<\/p>\n<p>Co ciekawe do oko\u0142o 3 roku \u017cycia po wewn\u0119trznej stronie stopy mo\u017cna zaobserwowa\u0107 poduszeczk\u0119 t\u0142uszczow\u0105, mi\u0119\u015bnie s\u0105 s\u0142abe, wi\u0119zad\u0142a wiotkie. Stopy dzieci wygl\u0105daj\u0105 na nienaturalnie wypuk\u0142e, mi\u0119kkie, wr\u0119cz ko\u015blawe. Ta fizjologiczna ko\u015blawo\u015b\u0107 st\u00f3p utrzymuj\u0119 si\u0119 do 3-4 roku \u017cycia, ale po tym okresie nast\u0119puje samoczynna korekcja ko\u015blawo\u015bci st\u00f3p, a ca\u0142y ten proces mo\u017ce trwa\u0107 nawet do 7 roku \u017cycia.<\/p>\n<p>P\u0142askostopie mo\u017cna podzieli\u0107 ze wzgl\u0119du na objawy &#8211; na fizjologiczne czyli nie powoduj\u0105ce deformacji innych struktur i nie powoduj\u0105ce b\u00f3lu. Druga wersja to p\u0142askostopie patologiczne &#8211; powoduje b\u00f3l nie tylko stopy, najcz\u0119\u015bciej podudzia, kolana, czasami biodra, a nawet kr\u0119gos\u0142upa. Powoduje rotacj\u0119 podudzia i zmiany morfologiczne ko\u0144czyny, tu\u0142owia.<br \/>\nW tym drugim przypadku konieczne jest wdro\u017cenie leczenia.<\/p>\n<p>Zabieg chirurgiczny musi by\u0107 poprzedzony diagnostyk\u0105 radiologiczn\u0105 &#8211; badaniem RTG obu st\u00f3p na stoj\u0105co. W po\u0142\u0105czeniu z badaniem fizykalnym planujemy zabieg. Najcz\u0119\u015bciej wystarczaj\u0105c\u0105 procedur\u0105 jest zabieg artroerezy podskokowej &#8211; polega na ograniczeniu ruchomo\u015bci w stawie skokowym dolnym, poprzez umieszczenie implantu pomi\u0119dzy ko\u015bciami skokow\u0105, a pi\u0119towa, kt\u00f3ry dzia\u0142a jak &#8222;ko\u0142ek rozporowy&#8221; wymuszaj\u0105c prawid\u0142owe nastawienie stawu. Nierzadko trzeba t\u0105 procedur\u0119 po\u0142\u0105czy\u0107 z innymi, jak wyd\u0142u\u017cenie Achillesa, wyd\u0142u\u017cenie bocznej cz\u0119\u015bci stopy- osteotomia wg Evansa.<\/p>\n<p>W najci\u0119\u017cszych przypadkach musimy wykona\u0107 usztywnienie staw\u00f3w.<\/p>\n","protected":false},"excerpt":{"rendered":"<p>Stopa ludzka zbudowana jest z dw\u00f3ch \u0142uk\u00f3w \u2013 pod\u0142u\u017cnego, le\u017c\u0105cy w \u015br\u00f3dstopiu i kr\u00f3tkiego w przodostopiu. \u0141uki te dzia\u0142aj\u0105 na zasadzie most\u00f3w kostnych do podtrzymania stopy i jako amortyzatory wstrz\u0105s\u00f3w. P\u0142askostopie natomiast cechuje zanik tych \u0142uk\u00f3w, przez co stopa staje si\u0119 p\u0142aska i ca\u0142\u0105 swoj\u0105 powierzchni\u0105 dotyka pod\u0142o\u017ca. Co ciekawe do oko\u0142o 3 roku \u017cycia [&hellip;]<\/p>\n","protected":false},"author":1,"featured_media":412,"parent":49,"menu_order":6,"comment_status":"closed","ping_status":"closed","template":"page-single-poradnia.php","meta":{"inline_featured_image":false},"acf":[],"yoast_head":"<!-- This site is optimized with the Yoast SEO plugin v20.6 - https:\/\/yoast.com\/wordpress\/plugins\/seo\/ -->\n<title>Korekcja p\u0142askostopia - DCO Lubin<\/title>\n<meta name=\"robots\" content=\"index, follow, max-snippet:-1, max-image-preview:large, max-video-preview:-1\" \/>\n<link rel=\"canonical\" href=\"http:\/\/dco.pl\/lubin\/zabiegi-opracyjne\/operacje-stawow-kolanowych\/\" \/>\n<meta property=\"og:locale\" content=\"pl_PL\" \/>\n<meta property=\"og:type\" content=\"article\" \/>\n<meta property=\"og:title\" content=\"Korekcja p\u0142askostopia - DCO Lubin\" \/>\n<meta property=\"og:description\" content=\"Stopa ludzka zbudowana jest z dw\u00f3ch \u0142uk\u00f3w \u2013 pod\u0142u\u017cnego, le\u017c\u0105cy w \u015br\u00f3dstopiu i kr\u00f3tkiego w przodostopiu. \u0141uki te dzia\u0142aj\u0105 na zasadzie most\u00f3w kostnych do podtrzymania stopy i jako amortyzatory wstrz\u0105s\u00f3w. P\u0142askostopie natomiast cechuje zanik tych \u0142uk\u00f3w, przez co stopa staje si\u0119 p\u0142aska i ca\u0142\u0105 swoj\u0105 powierzchni\u0105 dotyka pod\u0142o\u017ca. Co ciekawe do oko\u0142o 3 roku \u017cycia [&hellip;]\" \/>\n<meta property=\"og:url\" content=\"http:\/\/dco.pl\/lubin\/zabiegi-opracyjne\/operacje-stawow-kolanowych\/\" \/>\n<meta property=\"og:site_name\" content=\"DCO Lubin\" \/>\n<meta property=\"article:modified_time\" content=\"2022-09-27T13:09:21+00:00\" \/>\n<meta property=\"og:image\" content=\"http:\/\/dco.pl\/lubin\/wp-content\/uploads\/sites\/2\/2022\/09\/plaskostopie_00-scaled.jpg\" \/>\n\t<meta property=\"og:image:width\" content=\"2560\" \/>\n\t<meta property=\"og:image:height\" content=\"1440\" \/>\n\t<meta property=\"og:image:type\" content=\"image\/jpeg\" \/>\n<meta name=\"twitter:card\" content=\"summary_large_image\" \/>\n<meta name=\"twitter:label1\" content=\"Szacowany czas czytania\" \/>\n\t<meta name=\"twitter:data1\" content=\"2 minuty\" \/>\n<script type=\"application\/ld+json\" class=\"yoast-schema-graph\">{\"@context\":\"https:\/\/schema.org\",\"@graph\":[{\"@type\":\"WebPage\",\"@id\":\"http:\/\/dco.pl\/lubin\/zabiegi-opracyjne\/operacje-stawow-kolanowych\/\",\"url\":\"http:\/\/dco.pl\/lubin\/zabiegi-opracyjne\/operacje-stawow-kolanowych\/\",\"name\":\"Korekcja p\u0142askostopia - DCO Lubin\",\"isPartOf\":{\"@id\":\"http:\/\/dco.pl\/lubin\/#website\"},\"datePublished\":\"2022-09-10T15:00:15+00:00\",\"dateModified\":\"2022-09-27T13:09:21+00:00\",\"breadcrumb\":{\"@id\":\"http:\/\/dco.pl\/lubin\/zabiegi-opracyjne\/operacje-stawow-kolanowych\/#breadcrumb\"},\"inLanguage\":\"pl-PL\",\"potentialAction\":[{\"@type\":\"ReadAction\",\"target\":[\"http:\/\/dco.pl\/lubin\/zabiegi-opracyjne\/operacje-stawow-kolanowych\/\"]}]},{\"@type\":\"BreadcrumbList\",\"@id\":\"http:\/\/dco.pl\/lubin\/zabiegi-opracyjne\/operacje-stawow-kolanowych\/#breadcrumb\",\"itemListElement\":[{\"@type\":\"ListItem\",\"position\":1,\"name\":\"Strona g\u0142\u00f3wna\",\"item\":\"http:\/\/dco.pl\/lubin\/\"},{\"@type\":\"ListItem\",\"position\":2,\"name\":\"Zabiegi opracyjne\",\"item\":\"http:\/\/dco.pl\/lubin\/zabiegi-opracyjne\/\"},{\"@type\":\"ListItem\",\"position\":3,\"name\":\"Korekcja p\u0142askostopia\"}]},{\"@type\":\"WebSite\",\"@id\":\"http:\/\/dco.pl\/lubin\/#website\",\"url\":\"http:\/\/dco.pl\/lubin\/\",\"name\":\"DCO Lubin\",\"description\":\"Just another WordPress site\",\"potentialAction\":[{\"@type\":\"SearchAction\",\"target\":{\"@type\":\"EntryPoint\",\"urlTemplate\":\"http:\/\/dco.pl\/lubin\/?s={search_term_string}\"},\"query-input\":\"required name=search_term_string\"}],\"inLanguage\":\"pl-PL\"}]}<\/script>\n<!-- \/ Yoast SEO plugin. -->","yoast_head_json":{"title":"Korekcja p\u0142askostopia - DCO Lubin","robots":{"index":"index","follow":"follow","max-snippet":"max-snippet:-1","max-image-preview":"max-image-preview:large","max-video-preview":"max-video-preview:-1"},"canonical":"http:\/\/dco.pl\/lubin\/zabiegi-opracyjne\/operacje-stawow-kolanowych\/","og_locale":"pl_PL","og_type":"article","og_title":"Korekcja p\u0142askostopia - DCO Lubin","og_description":"Stopa ludzka zbudowana jest z dw\u00f3ch \u0142uk\u00f3w \u2013 pod\u0142u\u017cnego, le\u017c\u0105cy w \u015br\u00f3dstopiu i kr\u00f3tkiego w przodostopiu. \u0141uki te dzia\u0142aj\u0105 na zasadzie most\u00f3w kostnych do podtrzymania stopy i jako amortyzatory wstrz\u0105s\u00f3w. P\u0142askostopie natomiast cechuje zanik tych \u0142uk\u00f3w, przez co stopa staje si\u0119 p\u0142aska i ca\u0142\u0105 swoj\u0105 powierzchni\u0105 dotyka pod\u0142o\u017ca. Co ciekawe do oko\u0142o 3 roku \u017cycia [&hellip;]","og_url":"http:\/\/dco.pl\/lubin\/zabiegi-opracyjne\/operacje-stawow-kolanowych\/","og_site_name":"DCO Lubin","article_modified_time":"2022-09-27T13:09:21+00:00","og_image":[{"width":2560,"height":1440,"url":"http:\/\/dco.pl\/lubin\/wp-content\/uploads\/sites\/2\/2022\/09\/plaskostopie_00-scaled.jpg","type":"image\/jpeg"}],"twitter_card":"summary_large_image","twitter_misc":{"Szacowany czas czytania":"2 minuty"},"schema":{"@context":"https:\/\/schema.org","@graph":[{"@type":"WebPage","@id":"http:\/\/dco.pl\/lubin\/zabiegi-opracyjne\/operacje-stawow-kolanowych\/","url":"http:\/\/dco.pl\/lubin\/zabiegi-opracyjne\/operacje-stawow-kolanowych\/","name":"Korekcja p\u0142askostopia - DCO Lubin","isPartOf":{"@id":"http:\/\/dco.pl\/lubin\/#website"},"datePublished":"2022-09-10T15:00:15+00:00","dateModified":"2022-09-27T13:09:21+00:00","breadcrumb":{"@id":"http:\/\/dco.pl\/lubin\/zabiegi-opracyjne\/operacje-stawow-kolanowych\/#breadcrumb"},"inLanguage":"pl-PL","potentialAction":[{"@type":"ReadAction","target":["http:\/\/dco.pl\/lubin\/zabiegi-opracyjne\/operacje-stawow-kolanowych\/"]}]},{"@type":"BreadcrumbList","@id":"http:\/\/dco.pl\/lubin\/zabiegi-opracyjne\/operacje-stawow-kolanowych\/#breadcrumb","itemListElement":[{"@type":"ListItem","position":1,"name":"Strona g\u0142\u00f3wna","item":"http:\/\/dco.pl\/lubin\/"},{"@type":"ListItem","position":2,"name":"Zabiegi opracyjne","item":"http:\/\/dco.pl\/lubin\/zabiegi-opracyjne\/"},{"@type":"ListItem","position":3,"name":"Korekcja p\u0142askostopia"}]},{"@type":"WebSite","@id":"http:\/\/dco.pl\/lubin\/#website","url":"http:\/\/dco.pl\/lubin\/","name":"DCO Lubin","description":"Just another WordPress site","potentialAction":[{"@type":"SearchAction","target":{"@type":"EntryPoint","urlTemplate":"http:\/\/dco.pl\/lubin\/?s={search_term_string}"},"query-input":"required name=search_term_string"}],"inLanguage":"pl-PL"}]}},"_links":{"self":[{"href":"http:\/\/dco.pl\/lubin\/wp-json\/wp\/v2\/pages\/182"}],"collection":[{"href":"http:\/\/dco.pl\/lubin\/wp-json\/wp\/v2\/pages"}],"about":[{"href":"http:\/\/dco.pl\/lubin\/wp-json\/wp\/v2\/types\/page"}],"author":[{"embeddable":true,"href":"http:\/\/dco.pl\/lubin\/wp-json\/wp\/v2\/users\/1"}],"replies":[{"embeddable":true,"href":"http:\/\/dco.pl\/lubin\/wp-json\/wp\/v2\/comments?post=182"}],"version-history":[{"count":7,"href":"http:\/\/dco.pl\/lubin\/wp-json\/wp\/v2\/pages\/182\/revisions"}],"predecessor-version":[{"id":333,"href":"http:\/\/dco.pl\/lubin\/wp-json\/wp\/v2\/pages\/182\/revisions\/333"}],"up":[{"embeddable":true,"href":"http:\/\/dco.pl\/lubin\/wp-json\/wp\/v2\/pages\/49"}],"wp:featuredmedia":[{"embeddable":true,"href":"http:\/\/dco.pl\/lubin\/wp-json\/wp\/v2\/media\/412"}],"wp:attachment":[{"href":"http:\/\/dco.pl\/lubin\/wp-json\/wp\/v2\/media?parent=182"}],"curies":[{"name":"wp","href":"https:\/\/api.w.org\/{rel}","templated":true}]}}